nder when 1063 is divided by q?
23
Calculate the remainder when 9/((-1377)/(-13022)) - 2/18 is divided by 4.
1
Let a = 160 - 156. Calculate the remainder when a is divided by ((-1)/(-2))/(2/4).
0
Suppose 1833 = 5*v - 2*k + 98, -5*v + 1745 = -4*k. Calculate the remainder when v is divided by 10.
5
Let r(w) = -12*w + 350. Let m = 3 + -3. Calculate the remainder when r(27) is divided by (-10)/(m + 2)*-3.
11
Suppose 0 = -i + 1. What is the remainder when 13 is divided by ((-4)/12*i)/(1/(-18))?
1
Suppose 10*c - 52 = 9*c. Calculate the remainder when 255 is divided by c.
47
What is the remainder when 52 is divided by (1 + 34/3)/((-34)/(-102))?
15
Suppose 5*c + 0*c - 15 = -2*h, -4*c = -12. Let n be (h + 6)*(13 + -11). Suppose -38 = n*f - 14*f. What is the remainder when 74 is divided by f?
17
Let y be 1 + 44 - (1 - 15/5). Suppose 8*o + y - 223 = 0. Calculate the remainder when o is divided by 5.
2
Let a(m) = -m**2 + 10*m - 11. Let n be a(9). Let z(p) = 3*p**2 - 8*p + 8. What is the remainder when z(6) is divided by ((-138)/(-30))/(n/(-10))?
22
Suppose -3*p + 5*l - 20 = 132, -274 = 5*p + 2*l. Let g be -1*(-1 + p/(-2)). Let y = g - -76. Calculate the remainder when y is divided by 17.
16
Let u(r) = r**2 + 5*r + 3. Let q be u(-7). Suppose 20*m - 33 = q*m. Calculate the remainder when 19 is divided by m.
8
Let k(d) = d**3 + 11*d**2 + 12*d + 15. Let q be k(-9). Suppose -5*j = -99 + q. Calculate the remainder when 41 is divided by j.
5
Let t = -91 + 96. Suppose -x = -2*h + 45, 0 = 4*h + t*x - 25 - 100. Calculate the remainder when h is divided by 9.
7
Suppose -60 = -5*z + 5*c, 5*c + 46 = 4*z - 0*c. Let w = -5 + z. Suppose -174*p = -129*p - 225. Calculate the remainder when w is divided by p.
4
Let l = -1 + 9. Suppose 13 = 9*g - l*g. Calculate the remainder when 27 is divided by g.
1
Let b = 7 - 4. Suppose 2*n - 13 = -b*z, -3*z = -0*n - 2*n + 43. Let l = 122 + -69. Calculate the remainder when l is divided by n.
11
Let c be ((-3)/((-18)/4))/(4/60). Let s(p) = -p**2 + 10*p + 8. What is the remainder when 22 is divided by s(c)?
6
What is the remainder when 101 is divided by 35/1 - (112 + -113)?
29
Suppose -9 - 7 = -5*o + 3*w, w + 12 = 3*o. Suppose 478 = o*v + 103. What is the remainder when v is divided by 11?
9
Suppose -4*n = -4*b - 272, n - 4*n - 3*b + 180 = 0. Calculate the remainder when n is divided by 54.
10
Let w = 92 + 63. What is the remainder when w is divided by 16?
11
Let i(s) = 3*s**3 - 5*s**2 + 8*s. Let k be i(2). Calculate the remainder when 31 is divided by (-122)/(-6) - k/(-12).
9
Suppose -299 = -11*l + 207. Suppose -60 = 5*g - 25. Let a = g + 15. What is the remainder when l is divided by a?
6
Calculate the remainder when 6/((42/(-236))/(-7) + 0) is divided by 60.
56
Let n = 193 - 131. Calculate the remainder when n is divided by (-1 + 12)/((-3)/(-6)).
18
Suppose 4*w + 2*b - 1236 = 0, -3*b - 8 = -7*b. What is the remainder when w is divided by 62?
60
Suppose 0 = 9*z + 6272 - 16721. Calculate the remainder when z is divided by 12.
9
Suppose -25*z + 880 = -15*z. What is the remainder when 274 is divided by z?
10
Suppose -8*u = -170 - 118. Calculate the remainder when 68 is divided by u.
32
Let s(l) = -l**3 + 54*l**2 + 232*l + 28. What is the remainder when 33 is divided by s(58)?
5
Suppose -f + 2 = -13. Suppose -f = 3*z - 8*z. Suppose -z*d = 2 - 26. Calculate the remainder when d is divided by 4.
0
Let v(i) = 3 + 15*i + 13*i - 3*i. What is the remainder when v(6) is divided by 14?
13
Suppose -j = j + 3*l - 27, -4*j = 3*l - 57. Suppose -287 = -j*m + 118. What is the remainder when 49 is divided by m?
22
Let g(a) = 4*a**2 - 2*a - 1. Let x = 21 + -23. Let o be g(x). What is the remainder when 59 is divided by o - (2 + 0 - -2)?
14
Let b = 14 + -12. Suppose p = -b*p + 39. Calculate the remainder when p is divided by 4.
1
Suppose -6*l - 11*l = -136. Calculate the remainder when 10 is divided by l.
2
Let u(i) = 2*i**2 + 33*i + 89. Let o = -40 - -70. Calculate the remainder when o is divided by u(-3).
6
Let o be (-86)/4*(-4 - 10). Suppose -4*a + 6*q + 246 = q, 5*a = 3*q + o. Calculate the remainder when a is divided by (2 - 3)/((-1)/31).
28
Let h(d) = 22*d + 218. Calculate the remainder when h(-6) is divided by 15.
11
Suppose 0 = -2*q + 2*g + 34 + 26, -2*q + 4*g = -52. What is the remainder when 91 is divided by q?
23
Suppose 50 = 3*x + 17. Let g(j) = -j**2 - 7*j - 2. Let z be g(-6). Let t = 28 + z. Calculate the remainder when t is divided by x.
10
Suppose q = 4*q - t - 1, 5*q + 4*t + 4 = 0. Suppose -5*u + 10*u - 70 = q. Suppose 0 = -8*o - 306 + 634. Calculate the remainder when o is divided by u.
13
Let j(d) = 3*d**2 - 4*d. Calculate the remainder when j(3) is divided by (90/25)/(90/200).
7
Suppose -3*m = -5*y - 0*m + 751, -y - m + 155 = 0. Calculate the remainder when y is divided by 55.
42
Suppose -3*s - 3 = 3. What is the remainder when (2 - 12/(-3))*11/((-660)/(-530)) is divided by (-1 + -15)/(-1) - s?
17
What is the remainder when 123 is divided by 6/(-21) + (-400)/105*-30?
9
Let w = 20 + -4. Let v be w/6 - (-3)/9. Suppose -4*s = -v*s + z - 7, -s = -4*z + 3. Calculate the remainder when 12 is divided by s.
2
Suppose -8*h + 72 = -2*h. What is the remainder when 16 is divided by h?
4
Let t be (3 - 1)/((-6)/(-12)). Suppose 7 = t*p - 5. Let b = p + 16. Calculate the remainder when 55 is divided by b.
17
Suppose 0 = -2*q, 4*a + q + 568 = -0*q. Suppose 5*j - 18 = 4*f, -2*j = 2*f - 6*f. Calculate the remainder when 2/9 + a/45*-5 is divided by j.
4
Suppose 0 = 11*w + 497 - 1377. What is the remainder when w is divided by 42?
38
Let p be 1/7 - 2370/(-70). Let x = -15 + p. Calculate the remainder when x is divided by 5.
4
Let h(a) = -11*a - 11. Let f(b) = 11*b + 10. Let n(w) = 4*f(w) + 3*h(w). What is the remainder when 2/(-7) + (-611)/(-7) is divided by n(1)?
15
Let h = -7 - -34. What is the remainder when h is divided by 14?
13
Suppose 0 = 28*m - 36*m + 1888. Calculate the remainder when m is divided by 68.
32
Suppose 2*b + 4*v + 21 = 87, 0 = -b - 4*v + 37. Let z = -18 + b. What is the remainder when 21 is divided by z?
10
Let g(u) = -6*u + 128. What is the remainder when g(-16) is divided by 15?
14
Let y = 6 - -5. Let o = -10 + y. Suppose 11 = 2*f - o. What is the remainder when f is divided by 4?
2
Let o(m) = 2*m**2 + 22*m + 126. Calculate the remainder when o(-7) is divided by 31.
8
Suppose 50*d + 48 = 54*d - 3*n, 36 = 3*d + 4*n. Let r(x) = x**3 - 2*x + 3. What is the remainder when d is divided by r(2)?
5
Let o = -293 + 304. What is the remainder when 150 is divided by o?
7
Suppose 3*r - 9 = u, 0 = 3*r + r - 3*u - 12. Suppose r*y - 46 - 29 = 0. Calculate the remainder when y is divided by 14.
11
Let j = -1394 + 1499. Calculate the remainder when 521 is divided by j.
101
Suppose 3*q - f = 312, -2*f = -5*f + 9. Let p = q + -63. What is the remainder when p is divided by 23?
19
Let m be ((0 + 1)/2)/(3/768). Let p = -123 + m. What is the remainder when 13 is divided by p?
3
Let u = -549 - -780. Calculate the remainder when u is divided by 2/(3*(-4)/(-282)).
43
Suppose 35 = -11*r + 332. Calculate the remainder when 186 is divided by r.
24
Suppose 190 = b + b. Calculate the remainder when b is divided by (21/(-28))/((-1)/44).
29
Let v(z) = -z**3 - 4*z**2 + 2. Let y be v(-4). Suppose -y*m - 40 = -3*m. Calculate the remainder when 77 is divided by m.
37
Suppose 12*a = -3*y + 9*a + 171, -5*y = -4*a - 258. What is the remainder when 150 is divided by y?
42
Let x(j) = j**3 + 7*j**2 - 2*j - 4. Let a be x(-9). Let c = -105 - a. Let r = -192 - -275. What is the remainder when r is divided by c?
40
Let f be (-12)/10*90/(-4). Let u = -15 + f. What is the remainder when 23 is divided by u?
11
Suppose -3*c - 2*b = -435, 0*c - 4*c = 2*b - 580. Suppose p - z - 28 = 3*z, 4*p - 5*z - c = 0. Calculate the remainder when p is divided by 7.
5
Suppose -4*s + 18 + 6 = 4*m, -5*m = -3*s - 38. What is the remainder when 44 is divided by m?
2
Suppose 1570 - 1514 = 4*z. Calculate the remainder when 458 is divided by z.
10
Let r be 9/(-27)*(0 + -18). Let p(y) = -y**3 + 6*y**2 + 8*y - 3. What is the remainder when p(r) is divided by 23?
22
Suppose 34 + 21 = 5*g + 2*d, 59 = 3*g - 4*d. Calculate the remainder when (-2 - -3 - 2)/(-1) + 37 is divided by g.
12
Suppose 14 = -0*r + r